ainder when h/35 - (-3)/a is divided by 29?
26
Suppose 63*i + 0*i = -2*i + 4420. Calculate the remainder when 195 is divided by i.
59
Let v(n) = 74*n**3 - 6*n**2 + 11*n - 8. Calculate the remainder when -93*3*(-1 - 0) is divided by v(1).
66
Let r(v) = -77*v + 5495. Calculate the remainder when 1183 is divided by r(69).
91
Let o(n) be the second derivative of -n**5/20 - 5*n**4/6 - 19*n**3/6 + 12*n**2 - 7*n + 2. Calculate the remainder when 10 is divided by o(-7).
0
Let q(g) = 3*g - 13. Let k be q(5). Let i be (k/2)/((-2)/(-2) + -2). Calculate the remainder when (i - -12) + (-4)/(12/(-9)) is divided by 4.
2
Suppose -s = m - 35, 4*s = -2*m - 3*m + 175. Suppose 15 = 3*k, -4*h - 8 = -3*h - 4*k. Let j = m + h. Calculate the remainder when j is divided by 24.
23
Let n = -3623 - -3666. What is the remainder when n is divided by 21?
1
Let j(q) = 55*q - 1. Calculate the remainder when j(3) is divided by (805/(-200) + 18/(-48))/((-62)/775).
54
Let x = 1677 - 1673. Let b = 0 - -4. Calculate the remainder when b is divided by x.
0
Let t be (-4)/((-7)/((-175)/(-20))). Suppose -t*b + 17 = -b + 5*k, 0 = b + 3*k - 6. Suppose -244 = -h - b*h. What is the remainder when h is divided by 13?
9
Suppose f + 4*n = -2, -f - 4*n - 2 = -3*n. Let r be ((-24)/72)/(f/(-6)). Calculate the remainder when (15/(-9))/(r - (-96)/99) is divided by 8.
7
Suppose 0 = -5*b - 3*t + 322, -113 = -b + 4*t - 44. Suppose b = 13*s - 18*s. Let o = s + 29. What is the remainder when o is divided by 9?
7
Suppose 7*u - 119 = 3395. Calculate the remainder when u is divided by 467.
35
Suppose 0 = -m + x + 14, x + 37 = 2*m + 2*x. Let z(v) be the first derivative of 3*v**2/2 + 23*v + 2. What is the remainder when z(m) is divided by 25?
24
Suppose -3*r + 31 = -s, -4*s = -8*s + 2*r - 104. Let x(u) = 2*u + 82. What is the remainder when 92 is divided by x(s)?
28
Let l(u) = 8*u + 2. Let c be (-363)/22*((-340)/6)/5. Suppose 3*w - c = 38. What is the remainder when w is divided by l(3)?
23
Let u(r) be the third derivative of r**4/6 - 13*r**3/3 + 4*r**2. Let n be u(18). Let b = n + -38. What is the remainder when 47 is divided by b?
7
Calculate the remainder when 347 is divided by 268/12 + -23 - 22/(-6).
2
Suppose -4*d = 3*x - 40, d = -4*d - 4*x + 51. Let z(k) = 6*k - 3. Calculate the remainder when z(d) is divided by 37 - 32 - 1*-20.
14
Suppose 16*d - 21*d + 80 = 0. Suppose -2*p + 18 = -d. Suppose 0 = 5*q + 3*c - 32, 4*q - q - 4 = 2*c. Calculate the remainder when p is divided by q.
1
Suppose 94114 - 97722 = -44*m. Calculate the remainder when m is divided by 6/9 + 158/6.
1
Suppose h + 5 = 0, 0 = 3*x + 2*x - 2*h - 95. Let n = 27 - -153. Let d = -148 + n. What is the remainder when d is divided by x?
15
Let h(y) = -259*y + 5090. Calculate the remainder when h(19) is divided by 40.
9
Let p be 23/(-345) - (-2576)/(-60). Let b(v) = -4*v - 128. Calculate the remainder when 114 is divided by b(p).
26
Suppose 170*r - 254758 - 201182 = 0. Calculate the remainder when r is divided by 44.
42
Let s = 48 - 43. Suppose 108 + 27 = s*q. Suppose -5*n - 3*m + q = 0, -5*n - 11 + 6 = -5*m. What is the remainder when 11 is divided by n?
2
Suppose 364*j + 3105 = 184*j + 185*j. Calculate the remainder when j is divided by 216.
189
Let s = 3602 + -3504. Calculate the remainder when s is divided by 58.
40
Let m = -262 - -338. What is the remainder when m is divided by 19?
0
Let r(q) = -q**2 + 22*q - 1. Suppose 0 = 12*o + 5*o - 340. Let y = -17 - -38. Calculate the remainder when r(o) is divided by y.
18
Suppose 0 = -6*c + 65*c + 33*c - 3312. What is the remainder when 76 is divided by c?
4
What is the remainder when -8*1 - (36 - 36690/30) is divided by 283?
47
Let r(k) = -k**3 - 111*k**2 - 25*k - 1742. What is the remainder when r(-111) is divided by 193?
68
Suppose -4*h - 31 = -27. What is the remainder when 260 is divided by ((-132)/(-48))/(h/(-32))?
84
Suppose 0 = -32*b - 913 - 3151. Let f = b - -170. Calculate the remainder when f is divided by 28.
15
Let w = -44 + 103. Suppose 145 + 44 = 9*c. Calculate the remainder when w is divided by c.
17
Let y(w) = w**3 + 77*w**2 - 163*w - 195. Calculate the remainder when y(-79) is divided by 17.
13
Suppose 115489 = 289*o - 35947. What is the remainder when o is divided by 518?
6
Let v be (-4)/10 + (-816)/(-240). Let j(r) = 22*r**2 - 15*r + 3. Calculate the remainder when j(v) is divided by 20.
16
Let m(z) = -3*z - 3. Suppose -3*f - 5*v = 3, -3*f - 5 + 2 = 4*v. Let p be m(f). Suppose p = w + 3*w - 92. What is the remainder when w is divided by 5?
3
Let d = 215 + 188. Let l = 425 - d. Calculate the remainder when 106 is divided by l.
18
Suppose -960 = -3*c - 144. Suppose -5*u + 13*u + c = 0. What is the remainder when 117 is divided by (-574)/u - (-2)/17?
15
Let k = 436 + -279. Let w = k - 141. Let h = 1 + w. Calculate the remainder when 113 is divided by h.
11
Let t = -27 - -7. What is the remainder when 42 is divided by 2/t + 918/180 + -1?
2
Let k(z) = -2*z - 8. Let r be k(-4). Suppose 3*c + x + 1 + 6 = r, -5*c + 2*x + 3 = 0. Calculate the remainder when 81 is divided by 3 - ((-1)/c - 20).
15
Let c = 11 - 3. Suppose 3*u + 3*z = 147, 414*u = 411*u + 2*z + 137. What is the remainder when u is divided by c?
7
Let j(i) = 25*i**2 - 76*i - 990. Calculate the remainder when j(-24) is divided by 9.
6
Suppose -w + 40 = 4*w. Suppose 5*g - 56 = g. Calculate the remainder when 2439/36 - (-2)/w is divided by g.
12
Suppose -2*v + 534 = -r, 10*v - 1322 = 5*v - 4*r. Calculate the remainder when v is divided by 61.
22
Suppose -4*z = -f + 63, -4*z = -5*f - 2*z + 351. What is the remainder when 102 is divided by f?
31
Let k(b) = -15*b - 10 - 5 - 13. Let j be (-3)/((-9)/15)*27/(-15). What is the remainder when k(j) is divided by 37?
33
Let y = 3680 + -3618. What is the remainder when 1299 is divided by y?
59
Suppose 41 = 3*z + 4*o + 34, -4*z = -4*o + 28. What is the remainder when ((-12)/z)/((-2)/(-64)*4) is divided by 3?
2
Suppose 241 = 5*n - 3*i - 13, 3*i - 266 = -5*n. Let k(a) = -11*a + 20*a**2 + 17 - 46*a**2 + 2 + 33*a**2. What is the remainder when k(6) is divided by n?
49
Suppose -2*x + 37 = -5*t - 20, 3 = -3*t. Suppose -78 = -4*y - x. What is the remainder when 25 is divided by y?
12
Let m = 5 + 30. Let g = m + -1. Suppose 2*o - 3*f - 3 = 28, o + 3*f - 29 = 0. What is the remainder when g is divided by o?
14
Let z = 1297 - 1199. Let o = 99 + -85. Calculate the remainder when z is divided by o.
0
Let w = 14562 - 14147. Calculate the remainder when w is divided by 186.
43
Let k be 8/5 + 2/5. Suppose 3*c + k*g - 6 = 0, 4*g - 3 = -3*c + g. What is the remainder when 12 is divided by c?
0
Suppose 2*f = 4*f - 346. Let d(a) = -a**3 - 28*a**2 + 36*a + 238. What is the remainder when f is divided by d(-29)?
33
Let y be 3*(-6)/9 - (-8)/1. Suppose -3*a + 366 = 2*k + y, 2*a - 2*k - 250 = 0. What is the remainder when a is divided by 9?
5
Let d(u) = 87*u**2 + 7*u + 7. What is the remainder when 1388 is divided by d(-1)?
83
Let n(t) = 17*t - 961. What is the remainder when n(70) is divided by 6?
1
Let o = -60 + 66. Suppose 85 - 57 = 7*w. What is the remainder when o is divided by w?
2
Suppose -12*x - 60 = 0, 6*u - 5*x + 4 = 7*u. What is the remainder when 1333 is divided by u?
28
Suppose -3*i - 21 = -0*i - 3*j, -20 = 5*i - 2*j. What is the remainder when 143 is divided by 3 + (-15)/6 - 57/i?
27
Suppose 26*u - 1407 + 744 = 1261. What is the remainder when 137 is divided by u?
63
Let y(b) = b**2 + 9*b - 5. Calculate the remainder when y(6) is divided by ((-25)/(-16))/(33/528).
10
Suppose 0 = t + 4*f - 7381, -2*t + 3115 = -2*f - 11617. Calculate the remainder when t is divided by 38.
35
Let p = -12791 - -13417. Calculate the remainder when p is divided by 92.
74
Suppose -13 = -0*h - h - 2*m, 2*m - 8 = 0. Suppose -5*f = -4*b - 165, 2*f + 3*b = h*f - 102. Calculate the remainder when 142 is divided by f.
26
Let y = -2686 + 2815. Calculate the remainder when y is divided by 52.
25
Let t(l) = -5*l - 31 - 10*l - l**2 + 0*l**2. Suppose 0 = 3*x + 2*x - 30. Calculate the remainder when t(-4) is divided by x.
1
Let w(d) = 62*d. Let k be w(1). Suppose -6 = 7*g - 5*g. What is the remainder when (1 + k/6)/((-2)/g) is divided by 6?
5
Let j = -273 + 276. Suppose -5*y - j*m = -2*m - 168, -3*y = -m - 104. What is the remai